{"id":1662,"date":"2017-10-17T12:24:14","date_gmt":"2017-10-17T10:24:14","guid":{"rendered":"http:\/\/www.innocigs.com\/blog\/?page_id=1662"},"modified":"2025-12-29T16:56:39","modified_gmt":"2025-12-29T15:56:39","slug":"news-zur-e-zigarette-weltweit","status":"publish","type":"page","link":"https:\/\/www.innocigs.com\/blog\/news-zur-e-zigarette-weltweit\/","title":{"rendered":"News zur E-Zigarette weltweit"},"content":{"rendered":"<p>[vc_row][vc_column][vc_column_text]<\/p>\n<h1>News zur E-Zigarette &#8211; Technik, Forschung, Politik &amp; Medien<\/h1>\n<p>InnoCigs informiert \u00fcber aktuelle regulatorische Entwicklungen, <a href=\"https:\/\/www.innocigs.com\/blog\/e-zigarette-gesetze-rechtslage\/\"><strong>gesetzliche Richtlinien<\/strong><\/a>, sowie technische Neuerungen im Bereich der elektronischen Zigaretten und Nachf\u00fcllbeh\u00e4lter. Das Informationsangebot umfasst Zusammenfassungen internationaler wissenschaftlicher Studien sowie Berichte \u00fcber Marktentwicklungen. Zudem werden relevante Meldungen aus Politik und Medien thematisiert, um eine sachbezogene Einordnung auf Basis der aktuellen Rechts- und Faktenlage zu erm\u00f6glichen.[\/vc_column_text][\/vc_column][\/vc_row][vc_row][vc_column][vc_separator color=&#8220;blue&#8220;][vc_column_text]<\/p>\n<h2><strong>Aktuelle News &amp; Ger\u00fcchte zu Elektro Zigaretten<\/strong><\/h2>\n<p>[\/vc_column_text][vc_row_inner el_class=&#8220;blue-box&#8220;][vc_column_inner width=&#8220;1\/3&#8243;][vc_column_text]<a href=\"https:\/\/www.innocigs.com\/blog\/gateway-effekt-e-zigarette-studien\/\"><b>Kein Gateway-Effekt durch E-Zigaretten<\/b><\/a><\/p>\n<p><a href=\"https:\/\/www.innocigs.com\/blog\/gateway-effekt-e-zigarette-studien\/\"><img loading=\"lazy\" decoding=\"async\" class=\"alignnone wp-image-1142 size-large\" src=\"https:\/\/www.innocigs.com\/blog\/wp-content\/uploads\/2017\/06\/Gateway-Effekt-Tabak-E-Zigarette-1024x682.jpg\" alt=\"\" width=\"625\" height=\"416\" srcset=\"https:\/\/www.innocigs.com\/blog\/wp-content\/uploads\/2017\/06\/Gateway-Effekt-Tabak-E-Zigarette-1024x682.jpg 1024w, https:\/\/www.innocigs.com\/blog\/wp-content\/uploads\/2017\/06\/Gateway-Effekt-Tabak-E-Zigarette-300x200.jpg 300w, https:\/\/www.innocigs.com\/blog\/wp-content\/uploads\/2017\/06\/Gateway-Effekt-Tabak-E-Zigarette-768x512.jpg 768w, https:\/\/www.innocigs.com\/blog\/wp-content\/uploads\/2017\/06\/Gateway-Effekt-Tabak-E-Zigarette-624x416.jpg 624w, https:\/\/www.innocigs.com\/blog\/wp-content\/uploads\/2017\/06\/Gateway-Effekt-Tabak-E-Zigarette.jpg 1688w\" sizes=\"auto, (max-width: 625px) 100vw, 625px\" \/><\/a><\/p>\n<p><span data-path-to-node=\"6,2\"><span class=\"citation-129\">Gegenstand wissenschaftlicher Untersuchungen ist unter anderem die Fragestellung, inwieweit der Konsum von elektronischen Zigaretten Auswirkungen auf das Einstiegsverhalten in den herk\u00f6mmlichen Tabakkonsum hat (sogenannter Gateway-Effekt)<\/span><\/span><span data-path-to-node=\"6,4\">. <\/span><span data-path-to-node=\"6,6\"><span class=\"citation-128\">Die vorliegenden Studien hierzu liefern unterschiedliche Ergebnisse hinsichtlich der Pr\u00e4valenz bei Jugendlichen und Nichtrauchern<\/span><\/span><span data-path-to-node=\"6,8\">. <\/span><span data-path-to-node=\"6,10\"><span class=\"citation-127\">Zudem wird international erforscht, welche Rolle elektronische Zigaretten im Rahmen von Entw\u00f6hnungsbem\u00fchungen spielen k\u00f6nnen<\/span><\/span><span data-path-to-node=\"6,12\">. <\/span><span data-path-to-node=\"6,14\"><span class=\"citation-126\">Dieser Artikel fasst den aktuellen Stand der verf\u00fcgbaren Informationen und Diskussionspunkte zusammen<\/span><\/span><span data-path-to-node=\"6,16\">.<\/span>[\/vc_column_text][\/vc_column_inner][vc_column_inner width=&#8220;1\/3&#8243;][vc_column_text]<a href=\"https:\/\/www.innocigs.com\/blog\/suchtbericht-e-zigarette-2017-bundesregierung\/\"><b>Suchtbericht Bundesregierung 2017<\/b><\/a><\/p>\n<p><a href=\"https:\/\/www.innocigs.com\/blog\/suchtbericht-e-zigarette-2017-bundesregierung\/\"><img loading=\"lazy\" decoding=\"async\" class=\"alignnone wp-image-1666 size-large\" src=\"https:\/\/www.innocigs.com\/blog\/wp-content\/uploads\/2017\/09\/E-Zigarette-in-der-hand-1024x670.jpg\" alt=\"\" width=\"625\" height=\"409\" \/><\/a><\/p>\n<p>Im August 2017 ver\u00f6ffentlichte die Bundesregierung Berichte zur aktuellen Suchtpolitik, die auch elektronische Zigaretten thematisierten. In diesem Zusammenhang wurden Stellungnahmen staatlicher Stellen sowie wissenschaftlicher Institutionen, wie des Deutschen Krebsforschungszentrums, zur Risikobewertung und zum Konsumverhalten ver\u00f6ffentlicht. Diese Dokumente befassen sich mit der Einordnung elektronischer Zigaretten im Vergleich zu herk\u00f6mmlichen Tabakerzeugnissen und sind Bestandteil der \u00f6ffentlichen gesundheitspolitischen Debatte[\/vc_column_text][\/vc_column_inner][vc_column_inner width=&#8220;1\/3&#8243;][vc_column_text]<a href=\"https:\/\/www.innocigs.com\/blog\/explodierende-e-zigaretten-ursache\/\"><b>Wahre Ursachen f\u00fcr explodierende Akkus<\/b><\/a><\/p>\n<p><a href=\"https:\/\/www.innocigs.com\/blog\/explodierende-e-zigaretten-ursache\/\"><img loading=\"lazy\" decoding=\"async\" class=\"alignnone wp-image-1234 size-large\" src=\"https:\/\/www.innocigs.com\/blog\/wp-content\/uploads\/2017\/06\/Fotolia_161477513_Subscription_Monthly_M-1024x682.jpg\" alt=\"\" width=\"625\" height=\"416\" srcset=\"https:\/\/www.innocigs.com\/blog\/wp-content\/uploads\/2017\/06\/Fotolia_161477513_Subscription_Monthly_M-1024x682.jpg 1024w, https:\/\/www.innocigs.com\/blog\/wp-content\/uploads\/2017\/06\/Fotolia_161477513_Subscription_Monthly_M-300x200.jpg 300w, https:\/\/www.innocigs.com\/blog\/wp-content\/uploads\/2017\/06\/Fotolia_161477513_Subscription_Monthly_M-768x512.jpg 768w, https:\/\/www.innocigs.com\/blog\/wp-content\/uploads\/2017\/06\/Fotolia_161477513_Subscription_Monthly_M-624x416.jpg 624w, https:\/\/www.innocigs.com\/blog\/wp-content\/uploads\/2017\/06\/Fotolia_161477513_Subscription_Monthly_M.jpg 1688w\" sizes=\"auto, (max-width: 625px) 100vw, 625px\" \/><\/a><\/p>\n<p>Im Zusammenhang mit der Verwendung von <strong><a href=\"https:\/\/www.innocigs.com\/blog\/zahlen-daten-fakten-e-zigarette-deutschland\/\">elektronischen Zigaretten <\/a><\/strong>und deren Energiespeichern (Akkumulatoren) wird regelm\u00e4\u00dfig \u00fcber technische Sicherheitsaspekte berichtet. <span class=\"citation-178\">Die Richtlinie 2014\/40\/EU schreibt vor, dass elektronische Zigaretten und Nachf\u00fcllbeh\u00e4lter bruch- und auslaufsicher sein m\u00fcssen<\/span>. Sicherheitsrelevante Vorf\u00e4lle werden technisch untersucht, wobei h\u00e4ufig eine unsachgem\u00e4\u00dfe Handhabung oder die Verwendung nicht kompatibler Ladeger\u00e4te als Ursache identifiziert werden. <span class=\"citation-177\">Hersteller sind verpflichtet, Sicherheits- und Qualit\u00e4tsanforderungen einzuhalten, um Risiken bei normalem oder vern\u00fcnftigerweise vorhersehbarem Gebrauch zu minimieren<\/span>.[\/vc_column_text][\/vc_column_inner][\/vc_row_inner][vc_separator color=&#8220;blue&#8220;][vc_row_inner el_class=&#8220;blue-box&#8220;][vc_column_inner width=&#8220;1\/3&#8243;][vc_column_text]<a href=\"https:\/\/www.innocigs.com\/blog\/abendzeitung-muenchen-e-zigarette-dampf\/\"><b>Abendzeitung M\u00fcnchen zur E-Zigarette<\/b><\/a><\/p>\n<p><a href=\"https:\/\/www.innocigs.com\/blog\/abendzeitung-muenchen-e-zigarette-dampf\/\"><img loading=\"lazy\" decoding=\"async\" class=\"alignnone wp-image-1598 size-large\" src=\"https:\/\/www.innocigs.com\/blog\/wp-content\/uploads\/2017\/09\/E-Zigarette-Dampf-1024x683.jpg\" alt=\"E-Zigarette Dampf tritt aus Mund aus\" width=\"625\" height=\"417\" srcset=\"https:\/\/www.innocigs.com\/blog\/wp-content\/uploads\/2017\/09\/E-Zigarette-Dampf-1024x683.jpg 1024w, https:\/\/www.innocigs.com\/blog\/wp-content\/uploads\/2017\/09\/E-Zigarette-Dampf-300x200.jpg 300w, https:\/\/www.innocigs.com\/blog\/wp-content\/uploads\/2017\/09\/E-Zigarette-Dampf-768x512.jpg 768w, https:\/\/www.innocigs.com\/blog\/wp-content\/uploads\/2017\/09\/E-Zigarette-Dampf-624x416.jpg 624w, https:\/\/www.innocigs.com\/blog\/wp-content\/uploads\/2017\/09\/E-Zigarette-Dampf.jpg 1920w\" sizes=\"auto, (max-width: 625px) 100vw, 625px\" \/><\/a><\/p>\n<p>In der Berichterstattung der <a href=\"https:\/\/www.abendzeitung-muenchen.de\/inhalt.dampfen-statt-rauchen-was-man-ueber-e-zigaretten-wirklich-wissen-sollte.4fb72c12-ec67-4ce4-aca3-e68c1b2d0283.html\" target=\"_blank\" rel=\"noopener noreferrer\">Abendzeitung M\u00fcnchen<\/a> wurden k\u00fcrzlich Aspekte zur Verwendung von <a href=\"https:\/\/www.innocigs.com\/elektro-zigaretten.html\"><strong>E-Zigarette<\/strong><\/a>\u00a0und auch dem\u00a0<a href=\"https:\/\/www.innocigs.com\/blog\/e-zigarette-hilfsmittel-rauchstopp\/\">Umstieg auf die E-Zigarette<\/a> thematisiert. Der Artikel befasst sich mit der Einordnung dieser Erzeugnisse im Vergleich zur medialen Darstellung in anderen Publikationen. Die Inhalte konzentrieren sich auf die Darstellung der aktuellen Marktsituation und das Nutzungsverhalten in Deutschland. Eine Zusammenfassung der dort genannten Punkte dient der Information \u00fcber die \u00f6ffentliche und mediale Diskussion zu diesem Produkttyp.[\/vc_column_text][\/vc_column_inner][vc_column_inner width=&#8220;1\/3&#8243;][vc_column_text]<a href=\"https:\/\/www.innocigs.com\/blog\/oeffentlichkeit-wurde-bezueglich-risiken-der-e-zigarette-in-die-irre-gefuehrt-was-stimmt-wirklich\/\"><b>E-Zigaretten Risiken\u00a0&#8211;\u00a0das ist wirklich dran<\/b><\/a><a href=\"https:\/\/www.innocigs.com\/blog\/oeffentlichkeit-wurde-bezueglich-risiken-der-e-zigarette-in-die-irre-gefuehrt-was-stimmt-wirklich\/\"><img loading=\"lazy\" decoding=\"async\" class=\"wp-image-1336 size-large aligncenter\" src=\"https:\/\/www.innocigs.com\/blog\/wp-content\/uploads\/2017\/07\/Fotolia_159063999_Subscription_Monthly_M-e1518171090948-1024x675.jpg\" alt=\"\" width=\"625\" height=\"412\" srcset=\"https:\/\/www.innocigs.com\/blog\/wp-content\/uploads\/2017\/07\/Fotolia_159063999_Subscription_Monthly_M-e1518171090948-1024x675.jpg 1024w, https:\/\/www.innocigs.com\/blog\/wp-content\/uploads\/2017\/07\/Fotolia_159063999_Subscription_Monthly_M-e1518171090948-300x198.jpg 300w, https:\/\/www.innocigs.com\/blog\/wp-content\/uploads\/2017\/07\/Fotolia_159063999_Subscription_Monthly_M-e1518171090948-768x506.jpg 768w, https:\/\/www.innocigs.com\/blog\/wp-content\/uploads\/2017\/07\/Fotolia_159063999_Subscription_Monthly_M-e1518171090948-624x412.jpg 624w, https:\/\/www.innocigs.com\/blog\/wp-content\/uploads\/2017\/07\/Fotolia_159063999_Subscription_Monthly_M-e1518171090948.jpg 1627w\" sizes=\"auto, (max-width: 625px) 100vw, 625px\" \/><\/a><\/p>\n<p>In der wissenschaftlichen und \u00f6ffentlichen Diskussion werden verschiedene Fragestellungen zur Sicherheit und zu den Auswirkungen von elektronischen Zigaretten thematisiert. Dazu geh\u00f6ren Untersuchungen zum potenziellen Einstiegsverhalten in den Tabakkonsum (Gateway-Effekt), insbesondere bei Jugendlichen, sowie Analysen zu m\u00f6glichen gesundheitlichen Langzeitwirkungen bestimmter Inhaltsstoffe in Fl\u00fcssigkeiten. Die Forschungslage hierzu ist Gegenstand internationaler Studien, die unterschiedliche Aspekte der Risikobewertung beleuchten. Der folgende \u00dcberblick fasst den aktuellen Stand der verf\u00fcgbaren wissenschaftlichen Ver\u00f6ffentlichungen und die damit verbundenen methodischen Ans\u00e4tze zusammen.[\/vc_column_text][\/vc_column_inner][vc_column_inner width=&#8220;1\/3&#8243;][vc_column_text]<a href=\"https:\/\/www.innocigs.com\/blog\/aerzteschaft-fordert-richtungswechsel-bei-tabak-praevention\/\"><b>\u00c4rzteschaft: Richtungswechsel bei Tabak-Pr\u00e4vention<\/b><\/a><\/p>\n<p><a href=\"https:\/\/www.innocigs.com\/blog\/aerzteschaft-fordert-richtungswechsel-bei-tabak-praevention\/\"><img loading=\"lazy\" decoding=\"async\" class=\"alignnone wp-image-1485 size-large\" src=\"https:\/\/www.innocigs.com\/blog\/wp-content\/uploads\/2017\/08\/Fotolia_138115959_Subscription_Monthly_M-1024x681.jpg\" alt=\"\" width=\"625\" height=\"416\" srcset=\"https:\/\/www.innocigs.com\/blog\/wp-content\/uploads\/2017\/08\/Fotolia_138115959_Subscription_Monthly_M-1024x681.jpg 1024w, https:\/\/www.innocigs.com\/blog\/wp-content\/uploads\/2017\/08\/Fotolia_138115959_Subscription_Monthly_M-300x199.jpg 300w, https:\/\/www.innocigs.com\/blog\/wp-content\/uploads\/2017\/08\/Fotolia_138115959_Subscription_Monthly_M-768x510.jpg 768w, https:\/\/www.innocigs.com\/blog\/wp-content\/uploads\/2017\/08\/Fotolia_138115959_Subscription_Monthly_M-624x415.jpg 624w, https:\/\/www.innocigs.com\/blog\/wp-content\/uploads\/2017\/08\/Fotolia_138115959_Subscription_Monthly_M.jpg 1691w\" sizes=\"auto, (max-width: 625px) 100vw, 625px\" \/><\/a><\/p>\n<p>In der aktuellen Berichterstattung werden verschiedene Stellungnahmen zur Tabakpr\u00e4vention thematisiert. Dazu geh\u00f6ren Ver\u00f6ffentlichungen internationaler Beh\u00f6rden sowie Berichte nationaler Gremien zur Suchtpolitik. Zudem finden medizinische Diskussionen statt, die sich mit der Einordnung von elektronischen Zigaretten im <strong><a href=\"https:\/\/www.innocigs.com\/blog\/e-zigarette-hilfsmittel-rauchstopp\/\">Kontext der Schadensminimierung <\/a><\/strong>befassen. Gegenstand dieser Er\u00f6rterungen sind verschiedene Ans\u00e4tze in der Pr\u00e4ventionsarbeit und die Bewertung der verf\u00fcgbaren wissenschaftlichen Datenlage zu elektronischen Zigaretten.[\/vc_column_text][\/vc_column_inner][\/vc_row_inner][vc_separator color=&#8220;blue&#8220;][\/vc_column][\/vc_row][vc_row][vc_column][\/vc_column][\/vc_row]<\/p>\n","protected":false},"excerpt":{"rendered":"<p>[vc_row][vc_column][vc_column_text] News zur E-Zigarette &#8211; Technik, Forschung, Politik &amp; Medien InnoCigs informiert \u00fcber aktuelle regulatorische Entwicklungen, gesetzliche Richtlinien, sowie technische Neuerungen im Bereich der elektronischen Zigaretten und Nachf\u00fcllbeh\u00e4lter. Das Informationsangebot umfasst Zusammenfassungen internationaler wissenschaftlicher Studien sowie Berichte \u00fcber Marktentwicklungen. Zudem werden relevante Meldungen aus Politik und Medien thematisiert, um eine sachbezogene Einordnung auf Basis der<a href=\"https:\/\/www.innocigs.com\/blog\/news-zur-e-zigarette-weltweit\/\" class=\"read-more\"><\/a><\/p>\n","protected":false},"author":1,"featured_media":0,"parent":0,"menu_order":0,"comment_status":"closed","ping_status":"closed","template":"","meta":{"footnotes":""},"class_list":["post-1662","page","type-page","status-publish","hentry"],"yoast_head":"<!-- This site is optimized with the Yoast SEO plugin v27.1.1 - https:\/\/yoast.com\/product\/yoast-seo-wordpress\/ -->\n<title>E-Zigarette News aus Politik, Forschung &amp; Medien weltweit | InnoCigs<\/title>\n<meta name=\"robots\" content=\"index, follow, max-snippet:-1, max-image-preview:large, max-video-preview:-1\" \/>\n<link rel=\"canonical\" href=\"https:\/\/www.innocigs.com\/blog\/news-zur-e-zigarette-weltweit\/\" \/>\n<meta property=\"og:locale\" content=\"de_DE\" \/>\n<meta property=\"og:type\" content=\"article\" \/>\n<meta property=\"og:title\" content=\"E-Zigarette News aus Politik, Forschung &amp; Medien weltweit | InnoCigs\" \/>\n<meta property=\"og:description\" content=\"[vc_row][vc_column][vc_column_text] News zur E-Zigarette &#8211; Technik, Forschung, Politik &amp; Medien InnoCigs informiert \u00fcber aktuelle regulatorische Entwicklungen, gesetzliche Richtlinien, sowie technische Neuerungen im Bereich der elektronischen Zigaretten und Nachf\u00fcllbeh\u00e4lter. Das Informationsangebot umfasst Zusammenfassungen internationaler wissenschaftlicher Studien sowie Berichte \u00fcber Marktentwicklungen. Zudem werden relevante Meldungen aus Politik und Medien thematisiert, um eine sachbezogene Einordnung auf Basis der\" \/>\n<meta property=\"og:url\" content=\"https:\/\/www.innocigs.com\/blog\/news-zur-e-zigarette-weltweit\/\" \/>\n<meta property=\"og:site_name\" content=\"InnoCigs\" \/>\n<meta property=\"article:modified_time\" content=\"2025-12-29T15:56:39+00:00\" \/>\n<meta property=\"og:image\" content=\"https:\/\/www.innocigs.com\/blog\/wp-content\/uploads\/2017\/06\/Gateway-Effekt-Tabak-E-Zigarette.jpg\" \/>\n\t<meta property=\"og:image:width\" content=\"1688\" \/>\n\t<meta property=\"og:image:height\" content=\"1125\" \/>\n\t<meta property=\"og:image:type\" content=\"image\/jpeg\" \/>\n<meta name=\"twitter:card\" content=\"summary_large_image\" \/>\n<meta name=\"twitter:label1\" content=\"Gesch\u00e4tzte Lesezeit\" \/>\n\t<meta name=\"twitter:data1\" content=\"4\u00a0Minuten\" \/>\n<script type=\"application\/ld+json\" class=\"yoast-schema-graph\">{\"@context\":\"https:\/\/schema.org\",\"@graph\":[{\"@type\":\"WebPage\",\"@id\":\"https:\/\/www.innocigs.com\/blog\/news-zur-e-zigarette-weltweit\/\",\"url\":\"https:\/\/www.innocigs.com\/blog\/news-zur-e-zigarette-weltweit\/\",\"name\":\"E-Zigarette News aus Politik, Forschung & Medien weltweit | InnoCigs\",\"isPartOf\":{\"@id\":\"https:\/\/www.innocigs.com\/blog\/#website\"},\"primaryImageOfPage\":{\"@id\":\"https:\/\/www.innocigs.com\/blog\/news-zur-e-zigarette-weltweit\/#primaryimage\"},\"image\":{\"@id\":\"https:\/\/www.innocigs.com\/blog\/news-zur-e-zigarette-weltweit\/#primaryimage\"},\"thumbnailUrl\":\"https:\/\/www.innocigs.com\/blog\/wp-content\/uploads\/2017\/06\/Gateway-Effekt-Tabak-E-Zigarette-1024x682.jpg\",\"datePublished\":\"2017-10-17T10:24:14+00:00\",\"dateModified\":\"2025-12-29T15:56:39+00:00\",\"breadcrumb\":{\"@id\":\"https:\/\/www.innocigs.com\/blog\/news-zur-e-zigarette-weltweit\/#breadcrumb\"},\"inLanguage\":\"de\",\"potentialAction\":[{\"@type\":\"ReadAction\",\"target\":[\"https:\/\/www.innocigs.com\/blog\/news-zur-e-zigarette-weltweit\/\"]}]},{\"@type\":\"ImageObject\",\"inLanguage\":\"de\",\"@id\":\"https:\/\/www.innocigs.com\/blog\/news-zur-e-zigarette-weltweit\/#primaryimage\",\"url\":\"https:\/\/www.innocigs.com\/blog\/wp-content\/uploads\/2017\/06\/Gateway-Effekt-Tabak-E-Zigarette.jpg\",\"contentUrl\":\"https:\/\/www.innocigs.com\/blog\/wp-content\/uploads\/2017\/06\/Gateway-Effekt-Tabak-E-Zigarette.jpg\",\"width\":1688,\"height\":1125},{\"@type\":\"BreadcrumbList\",\"@id\":\"https:\/\/www.innocigs.com\/blog\/news-zur-e-zigarette-weltweit\/#breadcrumb\",\"itemListElement\":[{\"@type\":\"ListItem\",\"position\":1,\"name\":\"Startseite\",\"item\":\"https:\/\/www.innocigs.com\/blog\/\"},{\"@type\":\"ListItem\",\"position\":2,\"name\":\"News zur E-Zigarette weltweit\"}]},{\"@type\":\"WebSite\",\"@id\":\"https:\/\/www.innocigs.com\/blog\/#website\",\"url\":\"https:\/\/www.innocigs.com\/blog\/\",\"name\":\"InnoCigs\",\"description\":\"\",\"potentialAction\":[{\"@type\":\"SearchAction\",\"target\":{\"@type\":\"EntryPoint\",\"urlTemplate\":\"https:\/\/www.innocigs.com\/blog\/?s={search_term_string}\"},\"query-input\":{\"@type\":\"PropertyValueSpecification\",\"valueRequired\":true,\"valueName\":\"search_term_string\"}}],\"inLanguage\":\"de\"}]}<\/script>\n<!-- \/ Yoast SEO plugin. -->","yoast_head_json":{"title":"E-Zigarette News aus Politik, Forschung & Medien weltweit | InnoCigs","robots":{"index":"index","follow":"follow","max-snippet":"max-snippet:-1","max-image-preview":"max-image-preview:large","max-video-preview":"max-video-preview:-1"},"canonical":"https:\/\/www.innocigs.com\/blog\/news-zur-e-zigarette-weltweit\/","og_locale":"de_DE","og_type":"article","og_title":"E-Zigarette News aus Politik, Forschung & Medien weltweit | InnoCigs","og_description":"[vc_row][vc_column][vc_column_text] News zur E-Zigarette &#8211; Technik, Forschung, Politik &amp; Medien InnoCigs informiert \u00fcber aktuelle regulatorische Entwicklungen, gesetzliche Richtlinien, sowie technische Neuerungen im Bereich der elektronischen Zigaretten und Nachf\u00fcllbeh\u00e4lter. Das Informationsangebot umfasst Zusammenfassungen internationaler wissenschaftlicher Studien sowie Berichte \u00fcber Marktentwicklungen. Zudem werden relevante Meldungen aus Politik und Medien thematisiert, um eine sachbezogene Einordnung auf Basis der","og_url":"https:\/\/www.innocigs.com\/blog\/news-zur-e-zigarette-weltweit\/","og_site_name":"InnoCigs","article_modified_time":"2025-12-29T15:56:39+00:00","og_image":[{"width":1688,"height":1125,"url":"https:\/\/www.innocigs.com\/blog\/wp-content\/uploads\/2017\/06\/Gateway-Effekt-Tabak-E-Zigarette.jpg","type":"image\/jpeg"}],"twitter_card":"summary_large_image","twitter_misc":{"Gesch\u00e4tzte Lesezeit":"4\u00a0Minuten"},"schema":{"@context":"https:\/\/schema.org","@graph":[{"@type":"WebPage","@id":"https:\/\/www.innocigs.com\/blog\/news-zur-e-zigarette-weltweit\/","url":"https:\/\/www.innocigs.com\/blog\/news-zur-e-zigarette-weltweit\/","name":"E-Zigarette News aus Politik, Forschung & Medien weltweit | InnoCigs","isPartOf":{"@id":"https:\/\/www.innocigs.com\/blog\/#website"},"primaryImageOfPage":{"@id":"https:\/\/www.innocigs.com\/blog\/news-zur-e-zigarette-weltweit\/#primaryimage"},"image":{"@id":"https:\/\/www.innocigs.com\/blog\/news-zur-e-zigarette-weltweit\/#primaryimage"},"thumbnailUrl":"https:\/\/www.innocigs.com\/blog\/wp-content\/uploads\/2017\/06\/Gateway-Effekt-Tabak-E-Zigarette-1024x682.jpg","datePublished":"2017-10-17T10:24:14+00:00","dateModified":"2025-12-29T15:56:39+00:00","breadcrumb":{"@id":"https:\/\/www.innocigs.com\/blog\/news-zur-e-zigarette-weltweit\/#breadcrumb"},"inLanguage":"de","potentialAction":[{"@type":"ReadAction","target":["https:\/\/www.innocigs.com\/blog\/news-zur-e-zigarette-weltweit\/"]}]},{"@type":"ImageObject","inLanguage":"de","@id":"https:\/\/www.innocigs.com\/blog\/news-zur-e-zigarette-weltweit\/#primaryimage","url":"https:\/\/www.innocigs.com\/blog\/wp-content\/uploads\/2017\/06\/Gateway-Effekt-Tabak-E-Zigarette.jpg","contentUrl":"https:\/\/www.innocigs.com\/blog\/wp-content\/uploads\/2017\/06\/Gateway-Effekt-Tabak-E-Zigarette.jpg","width":1688,"height":1125},{"@type":"BreadcrumbList","@id":"https:\/\/www.innocigs.com\/blog\/news-zur-e-zigarette-weltweit\/#breadcrumb","itemListElement":[{"@type":"ListItem","position":1,"name":"Startseite","item":"https:\/\/www.innocigs.com\/blog\/"},{"@type":"ListItem","position":2,"name":"News zur E-Zigarette weltweit"}]},{"@type":"WebSite","@id":"https:\/\/www.innocigs.com\/blog\/#website","url":"https:\/\/www.innocigs.com\/blog\/","name":"InnoCigs","description":"","potentialAction":[{"@type":"SearchAction","target":{"@type":"EntryPoint","urlTemplate":"https:\/\/www.innocigs.com\/blog\/?s={search_term_string}"},"query-input":{"@type":"PropertyValueSpecification","valueRequired":true,"valueName":"search_term_string"}}],"inLanguage":"de"}]}},"_links":{"self":[{"href":"https:\/\/www.innocigs.com\/blog\/wp-json\/wp\/v2\/pages\/1662","targetHints":{"allow":["GET"]}}],"collection":[{"href":"https:\/\/www.innocigs.com\/blog\/wp-json\/wp\/v2\/pages"}],"about":[{"href":"https:\/\/www.innocigs.com\/blog\/wp-json\/wp\/v2\/types\/page"}],"author":[{"embeddable":true,"href":"https:\/\/www.innocigs.com\/blog\/wp-json\/wp\/v2\/users\/1"}],"replies":[{"embeddable":true,"href":"https:\/\/www.innocigs.com\/blog\/wp-json\/wp\/v2\/comments?post=1662"}],"version-history":[{"count":18,"href":"https:\/\/www.innocigs.com\/blog\/wp-json\/wp\/v2\/pages\/1662\/revisions"}],"predecessor-version":[{"id":4642,"href":"https:\/\/www.innocigs.com\/blog\/wp-json\/wp\/v2\/pages\/1662\/revisions\/4642"}],"wp:attachment":[{"href":"https:\/\/www.innocigs.com\/blog\/wp-json\/wp\/v2\/media?parent=1662"}],"curies":[{"name":"wp","href":"https:\/\/api.w.org\/{rel}","templated":true}]}}