{"id":819,"date":"2017-03-07T14:30:48","date_gmt":"2017-03-07T13:30:48","guid":{"rendered":"http:\/\/www.innocigs.com\/blog\/?page_id=819"},"modified":"2018-02-01T11:57:38","modified_gmt":"2018-02-01T10:57:38","slug":"zahlen-daten-fakten-e-zigarette-deutschland","status":"publish","type":"page","link":"https:\/\/www.innocigs.com\/blog\/zahlen-daten-fakten-e-zigarette-deutschland\/","title":{"rendered":"Zahlen, Daten, Fakten zur E-Zigarette in Deutschland"},"content":{"rendered":"<p>[vc_row][vc_column][\/vc_column][\/vc_row][vc_row][vc_column][vc_column_text]<\/p>\n<h1><strong>Dampfer &amp; E-Zigaretten in Deutschland &#8211; Zahlen, Daten &amp; Fakten<\/strong><\/h1>\n<p>[\/vc_column_text][vc_separator color=&#8220;blue&#8220;][vc_column_text]Nachdem wir von InnoCigs bereits umfangreich \u00fcber <a href=\"https:\/\/www.innocigs.com\/blog\/studien-e-zigaretten-schaedlich\/\"><strong>Studien &amp; Forschungsergebnisse<\/strong><\/a> zu E-Zigaretten, so wie \u00fcber den allgemeinen <strong><a href=\"https:\/\/www.innocigs.com\/blog\/e-zigarette-funktion-aufbau\/\">Aufbau und die Funktion einer elektrischen Zigarette<\/a><\/strong> berichtet haben, m\u00f6chten wir nun die verf\u00fcgbaren und selbst-recherchierten <strong>Zahlen, Daten &amp; Fakten zu Dampfern &amp; E-Zigaretten in Deutschland<\/strong> genauer beleuchten. Denn als einer der f\u00fchrenden Hersteller und Lieferanten von Elektro Zigaretten, dessen Produkte nicht in aller, aber in vieler Munde sind, sehen wir es als unsere Aufgabe, auch \u00fcber die E-Zigarette, ihre Funktion als <strong><a href=\"https:\/\/www.innocigs.com\/blog\/e-zigarette-hilfsmittel-rauchstopp\/\">Alternative zur Tabakzigarette <\/a><\/strong>und \u00fcber die Entwicklung der Dampfer und des Marktes in Deutschland zu informieren.<\/p>\n<p>Das Ergebnis ist ein ausf\u00fchrliches und umfangreiches Dokument, mit zahlreichen Informationen, die Sie so wahrscheinlich noch nicht gelesen haben. Erfahren Sie, warum die E-Zigarette vor allem auch von Ex-Rauchern bevorzugt wird, wie viele Dampfer regelm\u00e4\u00dfig zur E-Zigarette greifen, wie viel sie im Schnitt daf\u00fcr ausgeben und wo am meisten Geld f\u00fcr <strong><a href=\"https:\/\/www.innocigs.com\/elektro-zigaretten.html\">Elektro Zigaretten<\/a><\/strong> &amp; <strong><a href=\"https:\/\/www.innocigs.com\/zubehoer\/innocigs.html\">Zubeh\u00f6r<\/a><\/strong> ausgegeben wird.[\/vc_column_text][vc_column_text]<\/p>\n<h2><strong>Info-PDF zu Dampfern &amp; E-Zigaretten als Download<\/strong><\/h2>\n<p>[\/vc_column_text][vc_separator color=&#8220;blue&#8220;][vc_column_text]<a href=\"https:\/\/www.innocigs.com\/blog\/wp-content\/uploads\/2017\/03\/e-zigarette-informationen.pdf\" target=\"_blank\" rel=\"noopener noreferrer\"><img loading=\"lazy\" decoding=\"async\" class=\"aligncenter wp-image-823 size-full\" src=\"https:\/\/www.innocigs.com\/blog\/wp-content\/uploads\/2017\/03\/Header-InnoCigs-E-Zigaretten-Zahlen-Daten-Fakten.png\" alt=\"Banner-Link zum E-Zigaretten Fakten PDF Dokument\" width=\"747\" height=\"129\" srcset=\"https:\/\/www.innocigs.com\/blog\/wp-content\/uploads\/2017\/03\/Header-InnoCigs-E-Zigaretten-Zahlen-Daten-Fakten.png 747w, https:\/\/www.innocigs.com\/blog\/wp-content\/uploads\/2017\/03\/Header-InnoCigs-E-Zigaretten-Zahlen-Daten-Fakten-300x52.png 300w, https:\/\/www.innocigs.com\/blog\/wp-content\/uploads\/2017\/03\/Header-InnoCigs-E-Zigaretten-Zahlen-Daten-Fakten-624x108.png 624w\" sizes=\"auto, (max-width: 747px) 100vw, 747px\" \/><\/a><\/p>\n<p>Unsere informelle \u00dcbersicht zu Zahlen, Daten &amp; Fakten rund um die Elektro Zigarette, befasst sich vor allem mit Fragen zu <em>Allgemeinen Informationen, Aufbau und Funktionsweise, Liquids, Benutzung &amp; Pflege und <a href=\"#Infografik\">sonstige Zahlen &amp; Fakten zu Dampfern<\/a>. <\/em>Ein \u00dcberblick steht Ihnen nat\u00fcrlich als <a href=\"https:\/\/www.innocigs.com\/blog\/wp-content\/uploads\/2017\/03\/e-zigarette-informationen.pdf\" target=\"_blank\" rel=\"noopener noreferrer\"><strong>PDF-Download<\/strong><\/a> zur Verf\u00fcgung.<\/p>\n<p>Um das Dokument zu \u00f6ffnen, <em>klicken Sie einfach auf den Banner.<\/em> Warum wir das tun, zeigt Ihnen ein Auszug aus der <strong>Infografik zu Dampfern &amp; E-Zigaretten. <\/strong>80 % der befragten Personen suchen n\u00e4mlich prim\u00e4r im Internet nach neuen Informationen zur elektrischen Zigarette, ihren Nebenwirkungen und ihrer Funktion zum Rauchstop.<\/p>\n<div id=\"attachment_832\" style=\"width: 727px\" class=\"wp-caption aligncenter\"><a href=\"https:\/\/www.innocigs.com\/blog\/wp-content\/uploads\/2017\/03\/e-zigarette-informationen-infografik.jpg\"><img loading=\"lazy\" decoding=\"async\" aria-describedby=\"caption-attachment-832\" class=\"wp-image-832 size-full\" src=\"https:\/\/www.innocigs.com\/blog\/wp-content\/uploads\/2017\/03\/Statistik-Informationen-online-E-Zigarette.png\" alt=\"Kreisdiagramm zeigt wo Menschen sich \u00fcber E-Zigaretten informieren\" width=\"717\" height=\"663\" srcset=\"https:\/\/www.innocigs.com\/blog\/wp-content\/uploads\/2017\/03\/Statistik-Informationen-online-E-Zigarette.png 717w, https:\/\/www.innocigs.com\/blog\/wp-content\/uploads\/2017\/03\/Statistik-Informationen-online-E-Zigarette-300x277.png 300w, https:\/\/www.innocigs.com\/blog\/wp-content\/uploads\/2017\/03\/Statistik-Informationen-online-E-Zigarette-624x577.png 624w\" sizes=\"auto, (max-width: 717px) 100vw, 717px\" \/><\/a><p id=\"caption-attachment-832\" class=\"wp-caption-text\">Mit einem <strong>Klick \u00f6ffnen Sie die komplette <a href=\"https:\/\/www.innocigs.com\/blog\/wp-content\/uploads\/2017\/03\/e-zigarette-informationen-infografik.jpg\" target=\"_blank\" rel=\"noopener noreferrer\">Infografik zu Dampfern &amp; E-Zigaretten in Deutschland<\/a><\/strong><\/p><\/div>\n<p>Doch wie Sie an dieser Infografik sehen k\u00f6nnen, informieren sich tats\u00e4chlich <strong>nur ca. 6 % der Befragten bei Dampfshops<\/strong> f\u00fcr E-Zigaretten &amp; Co. Obwohl diese Informationsquelle die einzig richtige Entscheidung ist. Schlie\u00dflich stehen die H\u00e4ndler direkt in Kontakt mit Herstellern, oder produzieren ihre elektrischen Zigaretten selbst. Auch wir beraten Sie nat\u00fcrlich gerne in einer <a href=\"https:\/\/www.innocigs.com\/e-zigarette-shops.html\">unserer Filialen<\/a>. Ebenso gerne k\u00f6nnen Sie sich in unserem Magazin &amp; Info Bereich auf innocigs.com informieren. Der Gro\u00dfteil der Personen greift aktuell aber lieber auf Quellen wie F<em>reunde, soziale Netzwerke, Foren und Themenseiten<\/em> zur\u00fcck. Wir m\u00f6chten das gerne \u00e4ndern, auch weil H\u00e4ndler &amp; Hersteller nat\u00fcrlich Zugang zu den meisten Informationen haben. Es ist vollkommen ok, sich bei Freunden Infos und Empfehlungen zu holen. Wir raten aber grunds\u00e4tzlich dazu, bei der Informationsbeschaffung immer mehrgleisig zu fahren und nicht zuletzt dort nachzufragen, wo die Produkte ihren Ursprung haben.[\/vc_column_text][vc_column_text]<\/p>\n<h2><strong><span id=\"Infografik\" class=\"sta-anchor \" aria-hidden=\"true\"><\/span>Zahlen, Daten, Fakten &#8211; ein \u00dcberblick<\/strong><\/h2>\n<p>[\/vc_column_text][vc_separator color=&#8220;blue&#8220;][vc_column_text]Sie sind Neueinsteiger, oder Dampferneuling und m\u00f6chten Ihr Faktenwissen erweitern, oder sind einfach neugierig und m\u00f6chte zum Beispiel wissen, <em>wie viel Umsatz mit E-Zigaretten in Deutschland gemacht wird<\/em>, <em>wie viel davon online<\/em>, oder <em>wie viele Dampfer regelm\u00e4\u00dfig zur Elektro Zigarette greifen? <\/em>All&#8216; das verr\u00e4t Ihnen ein Blick auf die folgende InnoCigs Infografiken. Und falls Sie danach immer noch Fragen haben sollten, empfehlen wir Ihnen einen Blick in unseren InnoCigs <a href=\"https:\/\/www.innocigs.com\/blog\/faq-e-zigaretten-innocigs-shop\/\"><strong>FAQ Bereich<\/strong><\/a>. Werden Sie zum Experten unter den Dampfern und auf dem Gebiet der elektronischen Zigaretten.<\/p>\n<p><img loading=\"lazy\" decoding=\"async\" class=\"aligncenter size-full wp-image-835\" src=\"https:\/\/www.innocigs.com\/blog\/wp-content\/uploads\/2017\/03\/e-zigarette-informationen-infografik.jpg\" alt=\"Infografik zum Konsumverhalten von Dampfern\" width=\"1000\" height=\"4411\" srcset=\"https:\/\/www.innocigs.com\/blog\/wp-content\/uploads\/2017\/03\/e-zigarette-informationen-infografik.jpg 1000w, https:\/\/www.innocigs.com\/blog\/wp-content\/uploads\/2017\/03\/e-zigarette-informationen-infografik-68x300.jpg 68w, https:\/\/www.innocigs.com\/blog\/wp-content\/uploads\/2017\/03\/e-zigarette-informationen-infografik-768x3388.jpg 768w, https:\/\/www.innocigs.com\/blog\/wp-content\/uploads\/2017\/03\/e-zigarette-informationen-infografik-232x1024.jpg 232w, https:\/\/www.innocigs.com\/blog\/wp-content\/uploads\/2017\/03\/e-zigarette-informationen-infografik-624x2752.jpg 624w\" sizes=\"auto, (max-width: 1000px) 100vw, 1000px\" \/>[\/vc_column_text][\/vc_column][\/vc_row]<\/p>\n","protected":false},"excerpt":{"rendered":"<p>[vc_row][vc_column][\/vc_column][\/vc_row][vc_row][vc_column][vc_column_text] Dampfer &amp; E-Zigaretten in Deutschland &#8211; Zahlen, Daten &amp; Fakten [\/vc_column_text][vc_separator color=&#8220;blue&#8220;][vc_column_text]Nachdem wir von InnoCigs bereits umfangreich \u00fcber Studien &amp; Forschungsergebnisse zu E-Zigaretten, so wie \u00fcber den allgemeinen Aufbau und die Funktion einer elektrischen Zigarette berichtet haben, m\u00f6chten wir nun die verf\u00fcgbaren und selbst-recherchierten Zahlen, Daten &amp; Fakten zu Dampfern &amp; E-Zigaretten in Deutschland<a href=\"https:\/\/www.innocigs.com\/blog\/zahlen-daten-fakten-e-zigarette-deutschland\/\" class=\"read-more\"><\/a><\/p>\n","protected":false},"author":1,"featured_media":0,"parent":0,"menu_order":0,"comment_status":"closed","ping_status":"closed","template":"","meta":{"footnotes":""},"class_list":["post-819","page","type-page","status-publish","hentry"],"yoast_head":"<!-- This site is optimized with the Yoast SEO plugin v27.1.1 - https:\/\/yoast.com\/product\/yoast-seo-wordpress\/ -->\n<title>Zahlen, Daten, Fakten zu Dampfern &amp; E-Zigaretten Deutschland | InnoCigs<\/title>\n<meta name=\"description\" content=\"Spannende Infografik zu Ums\u00e4tzen der E-Zigaretten Branche und ein PDF-Download zu spannenden Zahlen und Fakten \u00fcber Dampfer &amp; elektronische Zigaretten.\" \/>\n<meta name=\"robots\" content=\"index, follow, max-snippet:-1, max-image-preview:large, max-video-preview:-1\" \/>\n<link rel=\"canonical\" href=\"https:\/\/www.innocigs.com\/blog\/zahlen-daten-fakten-e-zigarette-deutschland\/\" \/>\n<meta property=\"og:locale\" content=\"de_DE\" \/>\n<meta property=\"og:type\" content=\"article\" \/>\n<meta property=\"og:title\" content=\"Zahlen, Daten, Fakten zu Dampfern &amp; E-Zigaretten Deutschland | InnoCigs\" \/>\n<meta property=\"og:description\" content=\"Spannende Infografik zu Ums\u00e4tzen der E-Zigaretten Branche und ein PDF-Download zu spannenden Zahlen und Fakten \u00fcber Dampfer &amp; elektronische Zigaretten.\" \/>\n<meta property=\"og:url\" content=\"https:\/\/www.innocigs.com\/blog\/zahlen-daten-fakten-e-zigarette-deutschland\/\" \/>\n<meta property=\"og:site_name\" content=\"InnoCigs\" \/>\n<meta property=\"article:modified_time\" content=\"2018-02-01T10:57:38+00:00\" \/>\n<meta property=\"og:image\" content=\"http:\/\/www.innocigs.com\/blog\/wp-content\/uploads\/2017\/03\/Header-InnoCigs-E-Zigaretten-Zahlen-Daten-Fakten.png\" \/>\n<meta name=\"twitter:card\" content=\"summary_large_image\" \/>\n<meta name=\"twitter:label1\" content=\"Gesch\u00e4tzte Lesezeit\" \/>\n\t<meta name=\"twitter:data1\" content=\"3\u00a0Minuten\" \/>\n<script type=\"application\/ld+json\" class=\"yoast-schema-graph\">{\"@context\":\"https:\/\/schema.org\",\"@graph\":[{\"@type\":\"WebPage\",\"@id\":\"https:\/\/www.innocigs.com\/blog\/zahlen-daten-fakten-e-zigarette-deutschland\/\",\"url\":\"https:\/\/www.innocigs.com\/blog\/zahlen-daten-fakten-e-zigarette-deutschland\/\",\"name\":\"Zahlen, Daten, Fakten zu Dampfern & E-Zigaretten Deutschland | InnoCigs\",\"isPartOf\":{\"@id\":\"https:\/\/www.innocigs.com\/blog\/#website\"},\"primaryImageOfPage\":{\"@id\":\"https:\/\/www.innocigs.com\/blog\/zahlen-daten-fakten-e-zigarette-deutschland\/#primaryimage\"},\"image\":{\"@id\":\"https:\/\/www.innocigs.com\/blog\/zahlen-daten-fakten-e-zigarette-deutschland\/#primaryimage\"},\"thumbnailUrl\":\"https:\/\/www.innocigs.com\/blog\/wp-content\/uploads\/2017\/03\/Header-InnoCigs-E-Zigaretten-Zahlen-Daten-Fakten.png\",\"datePublished\":\"2017-03-07T13:30:48+00:00\",\"dateModified\":\"2018-02-01T10:57:38+00:00\",\"description\":\"Spannende Infografik zu Ums\u00e4tzen der E-Zigaretten Branche und ein PDF-Download zu spannenden Zahlen und Fakten \u00fcber Dampfer & elektronische Zigaretten.\",\"breadcrumb\":{\"@id\":\"https:\/\/www.innocigs.com\/blog\/zahlen-daten-fakten-e-zigarette-deutschland\/#breadcrumb\"},\"inLanguage\":\"de\",\"potentialAction\":[{\"@type\":\"ReadAction\",\"target\":[\"https:\/\/www.innocigs.com\/blog\/zahlen-daten-fakten-e-zigarette-deutschland\/\"]}]},{\"@type\":\"ImageObject\",\"inLanguage\":\"de\",\"@id\":\"https:\/\/www.innocigs.com\/blog\/zahlen-daten-fakten-e-zigarette-deutschland\/#primaryimage\",\"url\":\"https:\/\/www.innocigs.com\/blog\/wp-content\/uploads\/2017\/03\/Header-InnoCigs-E-Zigaretten-Zahlen-Daten-Fakten.png\",\"contentUrl\":\"https:\/\/www.innocigs.com\/blog\/wp-content\/uploads\/2017\/03\/Header-InnoCigs-E-Zigaretten-Zahlen-Daten-Fakten.png\",\"width\":747,\"height\":129},{\"@type\":\"BreadcrumbList\",\"@id\":\"https:\/\/www.innocigs.com\/blog\/zahlen-daten-fakten-e-zigarette-deutschland\/#breadcrumb\",\"itemListElement\":[{\"@type\":\"ListItem\",\"position\":1,\"name\":\"Startseite\",\"item\":\"https:\/\/www.innocigs.com\/blog\/\"},{\"@type\":\"ListItem\",\"position\":2,\"name\":\"Zahlen, Daten, Fakten zur E-Zigarette in Deutschland\"}]},{\"@type\":\"WebSite\",\"@id\":\"https:\/\/www.innocigs.com\/blog\/#website\",\"url\":\"https:\/\/www.innocigs.com\/blog\/\",\"name\":\"InnoCigs\",\"description\":\"\",\"potentialAction\":[{\"@type\":\"SearchAction\",\"target\":{\"@type\":\"EntryPoint\",\"urlTemplate\":\"https:\/\/www.innocigs.com\/blog\/?s={search_term_string}\"},\"query-input\":{\"@type\":\"PropertyValueSpecification\",\"valueRequired\":true,\"valueName\":\"search_term_string\"}}],\"inLanguage\":\"de\"}]}<\/script>\n<!-- \/ Yoast SEO plugin. -->","yoast_head_json":{"title":"Zahlen, Daten, Fakten zu Dampfern & E-Zigaretten Deutschland | InnoCigs","description":"Spannende Infografik zu Ums\u00e4tzen der E-Zigaretten Branche und ein PDF-Download zu spannenden Zahlen und Fakten \u00fcber Dampfer & elektronische Zigaretten.","robots":{"index":"index","follow":"follow","max-snippet":"max-snippet:-1","max-image-preview":"max-image-preview:large","max-video-preview":"max-video-preview:-1"},"canonical":"https:\/\/www.innocigs.com\/blog\/zahlen-daten-fakten-e-zigarette-deutschland\/","og_locale":"de_DE","og_type":"article","og_title":"Zahlen, Daten, Fakten zu Dampfern & E-Zigaretten Deutschland | InnoCigs","og_description":"Spannende Infografik zu Ums\u00e4tzen der E-Zigaretten Branche und ein PDF-Download zu spannenden Zahlen und Fakten \u00fcber Dampfer & elektronische Zigaretten.","og_url":"https:\/\/www.innocigs.com\/blog\/zahlen-daten-fakten-e-zigarette-deutschland\/","og_site_name":"InnoCigs","article_modified_time":"2018-02-01T10:57:38+00:00","og_image":[{"url":"http:\/\/www.innocigs.com\/blog\/wp-content\/uploads\/2017\/03\/Header-InnoCigs-E-Zigaretten-Zahlen-Daten-Fakten.png","type":"","width":"","height":""}],"twitter_card":"summary_large_image","twitter_misc":{"Gesch\u00e4tzte Lesezeit":"3\u00a0Minuten"},"schema":{"@context":"https:\/\/schema.org","@graph":[{"@type":"WebPage","@id":"https:\/\/www.innocigs.com\/blog\/zahlen-daten-fakten-e-zigarette-deutschland\/","url":"https:\/\/www.innocigs.com\/blog\/zahlen-daten-fakten-e-zigarette-deutschland\/","name":"Zahlen, Daten, Fakten zu Dampfern & E-Zigaretten Deutschland | InnoCigs","isPartOf":{"@id":"https:\/\/www.innocigs.com\/blog\/#website"},"primaryImageOfPage":{"@id":"https:\/\/www.innocigs.com\/blog\/zahlen-daten-fakten-e-zigarette-deutschland\/#primaryimage"},"image":{"@id":"https:\/\/www.innocigs.com\/blog\/zahlen-daten-fakten-e-zigarette-deutschland\/#primaryimage"},"thumbnailUrl":"https:\/\/www.innocigs.com\/blog\/wp-content\/uploads\/2017\/03\/Header-InnoCigs-E-Zigaretten-Zahlen-Daten-Fakten.png","datePublished":"2017-03-07T13:30:48+00:00","dateModified":"2018-02-01T10:57:38+00:00","description":"Spannende Infografik zu Ums\u00e4tzen der E-Zigaretten Branche und ein PDF-Download zu spannenden Zahlen und Fakten \u00fcber Dampfer & elektronische Zigaretten.","breadcrumb":{"@id":"https:\/\/www.innocigs.com\/blog\/zahlen-daten-fakten-e-zigarette-deutschland\/#breadcrumb"},"inLanguage":"de","potentialAction":[{"@type":"ReadAction","target":["https:\/\/www.innocigs.com\/blog\/zahlen-daten-fakten-e-zigarette-deutschland\/"]}]},{"@type":"ImageObject","inLanguage":"de","@id":"https:\/\/www.innocigs.com\/blog\/zahlen-daten-fakten-e-zigarette-deutschland\/#primaryimage","url":"https:\/\/www.innocigs.com\/blog\/wp-content\/uploads\/2017\/03\/Header-InnoCigs-E-Zigaretten-Zahlen-Daten-Fakten.png","contentUrl":"https:\/\/www.innocigs.com\/blog\/wp-content\/uploads\/2017\/03\/Header-InnoCigs-E-Zigaretten-Zahlen-Daten-Fakten.png","width":747,"height":129},{"@type":"BreadcrumbList","@id":"https:\/\/www.innocigs.com\/blog\/zahlen-daten-fakten-e-zigarette-deutschland\/#breadcrumb","itemListElement":[{"@type":"ListItem","position":1,"name":"Startseite","item":"https:\/\/www.innocigs.com\/blog\/"},{"@type":"ListItem","position":2,"name":"Zahlen, Daten, Fakten zur E-Zigarette in Deutschland"}]},{"@type":"WebSite","@id":"https:\/\/www.innocigs.com\/blog\/#website","url":"https:\/\/www.innocigs.com\/blog\/","name":"InnoCigs","description":"","potentialAction":[{"@type":"SearchAction","target":{"@type":"EntryPoint","urlTemplate":"https:\/\/www.innocigs.com\/blog\/?s={search_term_string}"},"query-input":{"@type":"PropertyValueSpecification","valueRequired":true,"valueName":"search_term_string"}}],"inLanguage":"de"}]}},"_links":{"self":[{"href":"https:\/\/www.innocigs.com\/blog\/wp-json\/wp\/v2\/pages\/819","targetHints":{"allow":["GET"]}}],"collection":[{"href":"https:\/\/www.innocigs.com\/blog\/wp-json\/wp\/v2\/pages"}],"about":[{"href":"https:\/\/www.innocigs.com\/blog\/wp-json\/wp\/v2\/types\/page"}],"author":[{"embeddable":true,"href":"https:\/\/www.innocigs.com\/blog\/wp-json\/wp\/v2\/users\/1"}],"replies":[{"embeddable":true,"href":"https:\/\/www.innocigs.com\/blog\/wp-json\/wp\/v2\/comments?post=819"}],"version-history":[{"count":25,"href":"https:\/\/www.innocigs.com\/blog\/wp-json\/wp\/v2\/pages\/819\/revisions"}],"predecessor-version":[{"id":2007,"href":"https:\/\/www.innocigs.com\/blog\/wp-json\/wp\/v2\/pages\/819\/revisions\/2007"}],"wp:attachment":[{"href":"https:\/\/www.innocigs.com\/blog\/wp-json\/wp\/v2\/media?parent=819"}],"curies":[{"name":"wp","href":"https:\/\/api.w.org\/{rel}","templated":true}]}}